{"id":113,"date":"2014-08-29T10:15:16","date_gmt":"2014-08-29T08:15:16","guid":{"rendered":"https:\/\/www.karlsschuetzengilde.de\/?page_id=113"},"modified":"2024-10-06T21:03:42","modified_gmt":"2024-10-06T19:03:42","slug":"jugend","status":"publish","type":"page","link":"https:\/\/www.karlsschuetzengilde.de\/?page_id=113","title":{"rendered":"Jugend"},"content":{"rendered":"<p><strong>Jugendevent 2024<\/strong><\/p>\n\n\n\n<figure class=\"wp-block-image size-large is-resized\"><a href=\"https:\/\/www.karlsschuetzengilde.de\/wp-content\/uploads\/2024\/10\/Jugendevent-2024.jpg\"><img loading=\"lazy\" decoding=\"async\" src=\"https:\/\/www.karlsschuetzengilde.de\/wp-content\/uploads\/2024\/10\/Jugendevent-2024-1024x768.jpg\" alt=\"\" class=\"wp-image-8645\" width=\"655\" height=\"491\" srcset=\"https:\/\/www.karlsschuetzengilde.de\/wp-content\/uploads\/2024\/10\/Jugendevent-2024-1024x768.jpg 1024w, https:\/\/www.karlsschuetzengilde.de\/wp-content\/uploads\/2024\/10\/Jugendevent-2024-300x225.jpg 300w, https:\/\/www.karlsschuetzengilde.de\/wp-content\/uploads\/2024\/10\/Jugendevent-2024-768x576.jpg 768w, https:\/\/www.karlsschuetzengilde.de\/wp-content\/uploads\/2024\/10\/Jugendevent-2024-1536x1152.jpg 1536w, https:\/\/www.karlsschuetzengilde.de\/wp-content\/uploads\/2024\/10\/Jugendevent-2024-624x468.jpg 624w, https:\/\/www.karlsschuetzengilde.de\/wp-content\/uploads\/2024\/10\/Jugendevent-2024.jpg 2048w\" sizes=\"auto, (max-width: 655px) 100vw, 655px\" \/><\/a><\/figure>\n\n\n\n<p>Bei unserem diesj\u00e4hrigen Jugendevent Ende September haben wir mit sieben Jugendlichen des Vereins ein gemeinsames Wochenende im Sch\u00fctzenhaus verbracht. Den Samstagnachmittag haben wir mit einem gemeinsamen Training begonnen und den Abend dann mit Pizza und einem Film ausklingen lassen. Am Sonntag Vormittag haben wir nach dem gemeinsamen Fr\u00fchst\u00fcck noch ein bisschen spielerisch Trainiert, bevor wir dann vor dem Mittagessen noch ein paar Gesellschaftsspiele gespielt haben. Das Highlight f\u00fcr alle war der anschlie\u00dfende Bowlingnachmittag. <\/p>\n\n\n\n<p><\/p>\n\n\n\n<p><strong>Bericht Jugend 2023<\/strong><\/p>\n\n\n\n<p>Dieses Jahr haben wir Anfang September mit insgesamt neun Jugendlichen des Vereins ein Wochenende im Sch\u00fctzenhaus verbracht. Wir haben Samstagnachmittag mit einem gemeinsamen Training mit dem Bogen, aber auch mit dem Licht- und Luftgewehr begonnen. Anschlie\u00dfend gab es Pizza zum selbst belegen. Nach dem Abendessen haben wir den Abend dann mit einem Film ausklingen lassen. Am n\u00e4chsten Morgen sind wir dann nach dem gemeinsamen Fr\u00fchst\u00fcck und einer weiteren Trainingseinheit in \u201eDie Halle\u201c gefahren und haben dort beim Bouldern und Trampolinspringen einen sch\u00f6nen Nachmittag gehabt.<\/p>","protected":false},"excerpt":{"rendered":"<p>Jugendevent 2024 Bei unserem diesj\u00e4hrigen Jugendevent Ende September haben wir mit sieben Jugendlichen des Vereins ein gemeinsames Wochenende im Sch\u00fctzenhaus verbracht. Den Samstagnachmittag haben wir mit einem gemeinsamen Training begonnen und den Abend dann mit Pizza und einem Film ausklingen lassen. Am Sonntag Vormittag haben wir nach dem gemeinsamen Fr\u00fchst\u00fcck noch ein bisschen spielerisch Trainiert, [&hellip;]<\/p>\n","protected":false},"author":1,"featured_media":0,"parent":61,"menu_order":7,"comment_status":"closed","ping_status":"closed","template":"","meta":{"ngg_post_thumbnail":0,"footnotes":""},"class_list":["post-113","page","type-page","status-publish","hentry"],"_links":{"self":[{"href":"https:\/\/www.karlsschuetzengilde.de\/index.php?rest_route=\/wp\/v2\/pages\/113","targetHints":{"allow":["GET"]}}],"collection":[{"href":"https:\/\/www.karlsschuetzengilde.de\/index.php?rest_route=\/wp\/v2\/pages"}],"about":[{"href":"https:\/\/www.karlsschuetzengilde.de\/index.php?rest_route=\/wp\/v2\/types\/page"}],"author":[{"embeddable":true,"href":"https:\/\/www.karlsschuetzengilde.de\/index.php?rest_route=\/wp\/v2\/users\/1"}],"replies":[{"embeddable":true,"href":"https:\/\/www.karlsschuetzengilde.de\/index.php?rest_route=%2Fwp%2Fv2%2Fcomments&post=113"}],"version-history":[{"count":5,"href":"https:\/\/www.karlsschuetzengilde.de\/index.php?rest_route=\/wp\/v2\/pages\/113\/revisions"}],"predecessor-version":[{"id":8649,"href":"https:\/\/www.karlsschuetzengilde.de\/index.php?rest_route=\/wp\/v2\/pages\/113\/revisions\/8649"}],"up":[{"embeddable":true,"href":"https:\/\/www.karlsschuetzengilde.de\/index.php?rest_route=\/wp\/v2\/pages\/61"}],"wp:attachment":[{"href":"https:\/\/www.karlsschuetzengilde.de\/index.php?rest_route=%2Fwp%2Fv2%2Fmedia&parent=113"}],"curies":[{"name":"wp","href":"https:\/\/api.w.org\/{rel}","templated":true}]}}