{"id":109,"date":"2014-08-29T10:09:15","date_gmt":"2014-08-29T08:09:15","guid":{"rendered":"https:\/\/www.karlsschuetzengilde.de\/?page_id=109"},"modified":"2025-02-03T17:36:28","modified_gmt":"2025-02-03T16:36:28","slug":"training-und-termine","status":"publish","type":"page","link":"https:\/\/www.karlsschuetzengilde.de\/?page_id=109","title":{"rendered":"Trainingszeiten und -orte"},"content":{"rendered":"<p><strong>Gewehr\/Pistole<\/strong><br \/>\n<strong>ganzj\u00e4hrig<\/strong><br \/>\nDienstags und Donnerstags in Eilendorf<br \/>\nSch\u00fcler von 18 bis 20 Uhr &#8211; Erwachsene von 18 bis 22 Uhr<br \/>\n<a href=\"https:\/\/www.karlsschuetzengilde.de\/wp-content\/uploads\/2014\/08\/schiessstand.jpg\"><img loading=\"lazy\" decoding=\"async\" class=\"alignnone wp-image-937\" src=\"https:\/\/www.karlsschuetzengilde.de\/wp-content\/uploads\/2014\/08\/schiessstand-300x300.jpg\" alt=\"schiessstand\" width=\"238\" height=\"238\" srcset=\"https:\/\/www.karlsschuetzengilde.de\/wp-content\/uploads\/2014\/08\/schiessstand-300x300.jpg 300w, https:\/\/www.karlsschuetzengilde.de\/wp-content\/uploads\/2014\/08\/schiessstand-150x150.jpg 150w, https:\/\/www.karlsschuetzengilde.de\/wp-content\/uploads\/2014\/08\/schiessstand.jpg 391w\" sizes=\"auto, (max-width: 238px) 100vw, 238px\" \/><\/a><\/p>\n<p><strong>Bogen<\/strong><br \/>\n<strong>In den Monaten April &#8211; September<\/strong><br \/>\nDienstags von 18.00 bis Sonnenuntergang<br \/>\nDonnerstags von 17.00 bis Sonnenuntergang<br \/>\nSamstags von 17.00 bis 19.00 Uhr<br \/>\nJeweils am Vereinsheim<\/p>\n<p><strong>In den Monaten Oktober &#8211; M\u00e4rz<br \/>\n<\/strong>Dienstags von 18.30 bis 21.00 Uhr (kleine Halle) <strong>Derzeit nicht m\u00f6glich<\/strong><br \/>\nDonnerstags von 18.00 bis 20.30 Uhr (gro\u00dfe Halle)&nbsp;<strong><br \/>\n<\/strong>Samstags von 17.00 bis 19.00 Uhr (gro\u00dfe Halle)<br \/>\nJeweils in der Sporthalle der Grundschule Kaiserstra\u00dfe in Eilendorf<br \/>\n<strong><br \/>\n<\/strong>Von der Karlstra\u00dfe aus durch die Gittertorschleuse den Schulhof betreten; die kleine Traningshalle befindet sich auf der linken Seite des Schulhofs (kleine Treppe rauf, blau\/rote T\u00fcr). Schellen und etwas warten!<br \/>\nDie gro\u00dfe Halle befindet sich hinter der kleinen Halle.<br \/>\n<strong>Derzeit befindet sich der Eingang in der Kaiserstra\u00dfe am rechten Ende der Baustelle.<\/strong><\/p>\n<p><strong>Wurfscheiben Trap<br \/>\n<\/strong>Die Wurfscheibensch\u00fctzen haben zurzeit keinen festen Trainingsort. Interessenten werden gebeten, mit der Gesch\u00e4ftsf\u00fchrung Kontakt aufzunehmen. Die Daten finden Sie <a href=\"https:\/\/www.karlsschuetzengilde.de\/?page_id=101\">hier<\/a>.<\/p>\n<p><strong>\u00c4nderungen bei den Trainingszeiten vorbehalten!<\/strong><strong><br \/>\n<\/strong><\/p>","protected":false},"excerpt":{"rendered":"<p>Gewehr\/Pistole ganzj\u00e4hrig Dienstags und Donnerstags in Eilendorf Sch\u00fcler von 18 bis 20 Uhr &#8211; Erwachsene von 18 bis 22 Uhr Bogen In den Monaten April &#8211; September Dienstags von 18.00 bis Sonnenuntergang Donnerstags von 17.00 bis Sonnenuntergang Samstags von 17.00 bis 19.00 Uhr Jeweils am Vereinsheim In den Monaten Oktober &#8211; M\u00e4rz Dienstags von 18.30 [&hellip;]<\/p>\n","protected":false},"author":1,"featured_media":0,"parent":61,"menu_order":4,"comment_status":"closed","ping_status":"closed","template":"","meta":{"ngg_post_thumbnail":0,"footnotes":""},"class_list":["post-109","page","type-page","status-publish","hentry"],"_links":{"self":[{"href":"https:\/\/www.karlsschuetzengilde.de\/index.php?rest_route=\/wp\/v2\/pages\/109","targetHints":{"allow":["GET"]}}],"collection":[{"href":"https:\/\/www.karlsschuetzengilde.de\/index.php?rest_route=\/wp\/v2\/pages"}],"about":[{"href":"https:\/\/www.karlsschuetzengilde.de\/index.php?rest_route=\/wp\/v2\/types\/page"}],"author":[{"embeddable":true,"href":"https:\/\/www.karlsschuetzengilde.de\/index.php?rest_route=\/wp\/v2\/users\/1"}],"replies":[{"embeddable":true,"href":"https:\/\/www.karlsschuetzengilde.de\/index.php?rest_route=%2Fwp%2Fv2%2Fcomments&post=109"}],"version-history":[{"count":31,"href":"https:\/\/www.karlsschuetzengilde.de\/index.php?rest_route=\/wp\/v2\/pages\/109\/revisions"}],"predecessor-version":[{"id":8686,"href":"https:\/\/www.karlsschuetzengilde.de\/index.php?rest_route=\/wp\/v2\/pages\/109\/revisions\/8686"}],"up":[{"embeddable":true,"href":"https:\/\/www.karlsschuetzengilde.de\/index.php?rest_route=\/wp\/v2\/pages\/61"}],"wp:attachment":[{"href":"https:\/\/www.karlsschuetzengilde.de\/index.php?rest_route=%2Fwp%2Fv2%2Fmedia&parent=109"}],"curies":[{"name":"wp","href":"https:\/\/api.w.org\/{rel}","templated":true}]}}